is the highest common divisor of 23 and z?
23
Let r = -41 + 81. Calculate the greatest common factor of 90 and r.
10
Let w = 48 + -42. Let f be 848/12 - 4/w. Let i = -16 + 26. Calculate the greatest common factor of f and i.
10
Let m(t) = -t**2 - 18*t + 19. Let o be m(-16). Calculate the greatest common factor of o and 34.
17
Let h be ((-11)/4)/(10/(-40)). Let b = h - 11. Let m be 6/2 + (9 - b). Calculate the greatest common factor of 12 and m.
12
Suppose 0 = -0*n + 4*n - 22944. Let x be n/36 - 4/(-6). What is the greatest common factor of 20 and x?
20
Let f be (166/(-12))/1 - (-5)/(-30). Let c(l) = -23*l - 32. Let z be c(f). What is the highest common divisor of 29 and z?
29
Let q(d) = -2*d**3 - 4*d**2 - 7*d + 9. Let s be q(-3). What is the highest common divisor of 30 and s?
6
Let c be (3/8)/(2/16). Suppose -c*t - 63 = -6*t. Let x = 16 + -9. What is the greatest common divisor of x and t?
7
Let t be (199 - (-18)/3) + -10. Calculate the greatest common factor of t and 20.
5
Let q be (5 - 4)/((-2)/6). Let u be (6 - 3 - q)/(12/464). What is the greatest common factor of 29 and u?
29
Let j be (259 - 7)*-2*(-1)/3. What is the greatest common divisor of j and 21?
21
Let r = 79 - -25. Calculate the greatest common factor of 130 and r.
26
Let x = -16 - -8. Let z = 11 + x. Let l(m) = 6*m + 4. Let c be l(z). What is the greatest common divisor of c and 88?
22
Suppose -f + 6*j + 4 = 7*j, 5*j - 10 = 0. Suppose 0 = b - f*t + t - 15, 0 = 4*b + 2*t - 36. Calculate the highest common factor of 143 and b.
11
Suppose 0 = 4*z + 2*z - 18. Let h = 1 + -7. Let u = 9 + h. Calculate the greatest common divisor of u and z.
3
Let t = -891 + 968. Calculate the highest common divisor of t and 1925.
77
Suppose 4 = 12*g - 10*g. Suppose -g*p = -14 + 284. Let t = -72 - p. Calculate the highest common factor of t and 7.
7
Let m = 37 - 46. Let v = m - -13. Calculate the greatest common factor of 12 and v.
4
Let c be 2 - (0 + 5 + -543). What is the greatest common divisor of 54 and c?
54
Let q be 2/(-5) - -243*4/(-20). Let g = 147 + q. Calculate the greatest common divisor of 14 and g.
14
Let q be -2 + (4 + -230)/(-1). Calculate the highest common divisor of 7 and q.
7
Let t = 19 + -14. Suppose -t*c + 120 = -2*c. Let j = c - 25. Calculate the greatest common factor of j and 6.
3
Suppose -65 = 2*l - 67. Let g be 31/3 + l + 12/(-36). What is the greatest common factor of g and 22?
11
Suppose 17*p = 22*p - 255. Calculate the greatest common factor of 663 and p.
51
Let z = -188 + 428. Suppose 4*s = -4*s + z. Calculate the highest common factor of 45 and s.
15
Suppose -4*b + 701 = -3*d, d + 878 = 5*b - d. Suppose 0 = 3*q + 26*q + 70*q - 1089. Calculate the highest common divisor of q and b.
11
Let l be 7/(-21) + (-25)/(-3). Let z(n) = -29*n + 16. Let m be z(0). What is the highest common divisor of l and m?
8
Let g be (-6)/(-5)*(-320)/(-6). Suppose -6*p + 2*p + g = 0. Calculate the greatest common divisor of 4 and p.
4
Let d = 50 - 20. Suppose -9 = -b - 2*p - 49, 4*p = 0. Let q be (b/6)/((-1)/3). Calculate the greatest common divisor of d and q.
10
Let p = -27 + -9. Let v be (24/p)/((-1)/33). Calculate the greatest common factor of 55 and v.
11
Let t = 84 + 56. Calculate the highest common divisor of t and 80.
20
Let u(z) = 2*z - 1. Let o be u(1). Let r be (2 - (-6)/3)*o. What is the highest common divisor of 52 and r?
4
Let y(p) = 2*p + p**2 + 4*p + 2*p - 21*p**3 - 7*p. Let j be y(-1). Let z be j/(-3)*(1 - 10). What is the greatest common divisor of 9 and z?
9
Let m(t) = -t**3 - 4*t**2 + 6*t - 13. Let c be m(-6). Suppose -c*y = -25*y + 150. Calculate the greatest common divisor of 30 and y.
15
Suppose 2*g - 2004 = -4*w, 2*g - 1 = 3. What is the greatest common factor of w and 5?
5
Let j be 33/(4/(-8) + 2). Suppose 224 = 5*n - 51. Calculate the highest common divisor of n and j.
11
Let q = 66 + -64. Let o be 8/20 - 2/5. Suppose -6 = -q*w - o. What is the highest common divisor of 12 and w?
3
Suppose -v - 3 = -0*w - w, w - 5 = 0. Let r(y) = 12*y - v + y - 1. Let i be r(3). What is the greatest common divisor of 12 and i?
12
Let v(q) = q - 41. Let p be v(21). Let o be (-62)/p + (-1)/10. Calculate the highest common factor of 9 and o.
3
Let u(c) = -5*c - 2. Let a be 2*(21/(-6) + 3). Let j be u(a). Let m(o) = 3*o**2 - 5*o + 3. Let q be m(j). What is the highest common divisor of q and 15?
15
Let u be (-35336)/(-20) + 25/125. What is the greatest common divisor of 57 and u?
57
Let t(q) = -5*q - 10. Suppose -4*i - 39 = -3*n, -3*i - 2*i - 55 = -5*n. Let m be t(i). Calculate the greatest common divisor of 10 and m.
10
Let p(r) = -r**3 + 10*r**2 - 12*r - 3. Let n be p(9). Let v be (n/24)/((-3)/84). Calculate the greatest common factor of v and 70.
35
Suppose -t + 2*t - 15 = -4*o, -5*o + 3*t = -6. Suppose o*s = 5*w + 31 + 29, 5*w - 20 = -s. Calculate the greatest common factor of 40 and s.
20
Let d(b) = 5*b + 7. Let n be d(4). Suppose 5*u - 3 = n. Calculate the greatest common divisor of 15 and u.
3
Let i = 29 - 24. Suppose -i + 17 = 4*h. Suppose -2*j + 255 = h*j. What is the highest common factor of 34 and j?
17
Let y = 77 - 72. Let h be 10*y/((-50)/(-36)). What is the highest common divisor of 180 and h?
36
Let b = 10 - 17. Let m(k) = -k**3 - 6*k**2 + 4*k + 7. Let u be m(b). Suppose h + 2*f - 12 - 10 = 0, 5*f - 6 = h. What is the highest common factor of u and h?
14
Let k(z) = 23*z - 13. Let j be (-8)/16*(-44)/2. Let l be k(j). Suppose -2*a + 97 - 31 = 3*i, a = 4*i + 22. Calculate the greatest common divisor of a and l.
30
Suppose 679*q = 5*j + 676*q - 942, -2*j - 2*q = -396. Suppose 5 = -6*b + b, -w + b = -49. Calculate the greatest common divisor of w and j.
48
Suppose 80*x = 105*x - 75. Calculate the highest common divisor of x and 6.
3
Let h(s) = -s**3 + 18*s**2 - 44*s - 13. Let q be h(15). Calculate the greatest common factor of 11 and q.
1
Suppose -5*a - 3*j = -2*a - 1023, 0 = -3*a - 2*j + 1022. Suppose 0 = q - 5*q + a. Calculate the greatest common divisor of 34 and q.
17
Let n(m) = m**3 - 6*m**2 - 14*m - 19. Let r be n(8). Let b(c) = -9*c - 5. Let p be b(r). What is the highest common factor of 242 and p?
22
Let w be 6 + -1 - 6/2. Suppose 10*s - 3*s - 98 = 0. Suppose 18 = 4*n - s. Calculate the greatest common divisor of w and n.
2
Let g(l) = -l**3 + 16*l**2 + 34*l + 2. Let o be g(-2). Let x = 36 + -1. Let u = x - 5. Calculate the greatest common factor of u and o.
6
Suppose -2*a = -3*n + 2*a + 31, n - 12 = 3*a. Let x(l) = 4*l - 11. Let v be x(5). Calculate the greatest common divisor of n and v.
9
Let a be 8 + 5 + 0 + 344. What is the greatest common factor of a and 408?
51
Let y(v) = v + 12. Suppose 0 = 6*z + 27 + 39. Let l be y(z). What is the highest common factor of 5 and l?
1
Let o = -114 + 110. Let i = o + 10. Calculate the greatest common divisor of 2 and i.
2
Suppose 7*f - 2*f - 5*r = -165, 33 = -f - 2*r. Let z = -27 - f. Suppose 8*x - z = 5*x. Calculate the highest common factor of x and 1.
1
Suppose -q + 2880 = 23*q. What is the highest common factor of q and 192?
24
Let y be ((-2)/4)/(1/(-10)). Let u(m) = 10*m**2 + 3*m**3 + 25*m + 6 + 6 - 4*m**3 - 11*m. Let l be u(11). Calculate the highest common factor of y and l.
5
Let s(h) = -3*h**2 + 10*h + 10. Let j(o) = -o**2 + o. Let l(q) = -4*j(q) + s(q). Let m be l(-10). What is the greatest common factor of 25 and m?
25
Let p = 972 - 547. What is the highest common divisor of 75 and p?
25
Suppose 730 = 3*l - 1565. Let q be 1/(-4) + l/36. Suppose 2*d = q - 9. Calculate the greatest common factor of d and 3.
3
Let s(a) be the second derivative of -a**3/6 + 13*a**2/2 - 4*a. Let q be s(-5). Calculate the highest common factor of 45 and q.
9
Let g be 11 - 2 - 3 - -2. Let u = -9 + g. Let o be (-775)/(-30) - u/6. Calculate the highest common divisor of 13 and o.
13
Suppose -2*w = -4*w + 40. What is the greatest common divisor of 10 and w?
10
Let k = -120 + 140. Let o be (k + -2)/((-9)/(-30)). Calculate the greatest common factor of o and 24.
12
Suppose -2*d = 5*x + 210, x + 3*d = -0*x - 55. Let y = -24 - x. Let n be 15/(-1)*(5 - y). Calculate the highest common factor of 15 and n.
15
Let b(z) = -6*z - 11. Let w be b(-6). What is the highest common divisor of 10 and w?
5
Suppose -l = 5*c - 196, -l + 0*l - c = -212. Let m = 48 -